lculate q(-12).
-7
Let a(n) = -21*n. Give a(1).
-21
Let m(r) = -r**2 - 4*r + 32. Calculate m(7).
-45
Let r(h) = 8*h**3 - h**2 - 4*h - 3. What is r(-1)?
-8
Let c(z) = -2*z + 6. What is c(1)?
4
Let s(d) = -d**3 - 8*d**2 - 10*d - 14. Give s(-7).
7
Let o(h) = h**3 + 36*h**2 - 73*h + 124. Give o(-38).
10
Let f(l) = -4*l**2 + 2*l + 2. What is f(-1)?
-4
Let x(p) = 8*p + 68. Calculate x(-6).
20
Let w(h) = -3*h**2 + 32*h - 23. Give w(10).
-3
Let f(u) = -5*u - 22. Give f(3).
-37
Let y(b) = -b**2 - 11*b + 4. What is y(-12)?
-8
Let n(l) = -24*l + 11. Determine n(2).
-37
Let n(x) = -6*x + 27. What is n(4)?
3
Let t(s) = 4*s**2 - 26*s - 2. Determine t(9).
88
Let b(i) = i**2 - 5*i + 14. Give b(2).
8
Let q(t) = -2*t**2 + 10*t - 22. Give q(9).
-94
Let t(h) = 5*h + 108. What is t(-18)?
18
Let i(m) = m**2 + 17*m - 204. Determine i(-25).
-4
Let p(s) = s**2 - 16*s + 34. Give p(4).
-14
Let p(v) = -v**2 - 19*v - 72. Determine p(-6).
6
Let l(a) = -2*a**2 - 30*a - 28. What is l(-14)?
0
Let c(j) = -j**3 + 6*j**2 - 7*j - 6. Give c(4).
-2
Let z(f) = -f**2 - 30*f + 38. Determine z(-31).
7
Let c(k) = -k**3 - 9*k**2 - 12*k - 11. Calculate c(-5).
-51
Let d(w) = 14*w + 60. Give d(-7).
-38
Let l(a) = -3*a - 8. What is l(-7)?
13
Let p(i) = -i**3 - 12*i**2 - 20*i - 3. Determine p(-10).
-3
Let v(x) = 5*x**2 + 2*x - 1. What is v(-3)?
38
Let k(l) = -50*l**2 - l - 1. Give k(-1).
-50
Let u(r) = -r**2 - 12*r - 19. Determine u(-11).
-8
Let x(u) = 7*u + 37. Calculate x(-5).
2
Let v(x) = -2*x**2 + 5*x + 6. Determine v(3).
3
Let j(x) = -x**3 + 24*x**2 - 16*x - 148. Calculate j(23).
13
Let m(c) = 4*c**2 + 29*c. Give m(-7).
-7
Let l(v) = -8*v - 43. Calculate l(-10).
37
Let g(i) = -4*i - 28. Calculate g(-17).
40
Let y(n) = -n**3 - 2*n**2 + 5*n + 3. Determine y(-3).
-3
Let q(i) = i**3 - 5*i**2 + i + 4. Determine q(5).
9
Let o(b) = -b**2 - 17*b + 57. Calculate o(-20).
-3
Let t(s) = s**3 + 4*s**2 - 2*s + 2. Determine t(4).
122
Let t(f) = -f**2 - 8*f - 11. Give t(-4).
5
Let h(p) = p**3 + 2*p**2 - 3*p - 1. Give h(-4).
-21
Let u(f) = f + 1. Give u(-3).
-2
Let t(f) = -f**3 + 43*f**2 - 40*f - 71. Give t(42).
13
Let k(m) = -m**2 - 8*m - 10. Give k(-8).
-10
Let k(n) = n**2 + 12*n + 1. Calculate k(-12).
1
Let g(d) = d**3 + 19*d**2 + 35*d + 4. Give g(-2).
2
Let m(p) = p - 8. Calculate m(17).
9
Let z(t) = t**3 + 35*t**2 - 199*t + 42. Give z(-40).
2
Let s(d) = 130*d + 262. What is s(-2)?
2
Let q(o) = -o**2 - 3*o - 10. Determine q(-7).
-38
Let o(v) = -21*v - 81. What is o(-4)?
3
Let f(d) = 2*d**3 - 13*d**2 + 6*d. Give f(6).
0
Let m(q) = -q**3 - 4*q**2 + 32*q + 4. Determine m(-8).
4
Let m(f) = 2*f**3 + f**2 + 2*f - 2. What is m(1)?
3
Let s(h) = h**2 - 2*h - 1. Give s(2).
-1
Let l(d) = -d**2 + 8*d - 11. Calculate l(5).
4
Let a(j) = -10*j + 74. Determine a(8).
-6
Let c(b) = -2*b - 2. What is c(-6)?
10
Let v(x) = x**2 + 5*x - 34. Calculate v(0).
-34
Let o(q) = -4*q**2 + 5*q - 27. Determine o(4).
-71
Let z(f) = f**3 + 3*f**2 - 6*f - 4. Give z(-4).
4
Let f(l) = -2*l**2 + 11*l - 10. Determine f(4).
2
Let g(r) = 2*r**2 - 23*r - 24. Calculate g(11).
-35
Let c(n) = -n**2 + 54*n - 331. Determine c(47).
-2
Let p(c) = -c**3 - 10*c**2 + 2*c + 9. Give p(-10).
-11
Let g(i) = i**2 + 5*i - 5. Calculate g(-8).
19
Let l(o) = 8*o - 2. Calculate l(-3).
-26
Let l(x) = 5*x**3 + 1. What is l(1)?
6
Let q(f) = f**3 - f**2 - f + 2. Calculate q(-2).
-8
Let w(p) = 2*p**2 + 5*p - 5. What is w(2)?
13
Let a(v) = -v**3 - 5*v**2 - 3*v - 11. Determine a(-5).
4
Let g(o) = -8*o - 7. Give g(0).
-7
Let u(o) = 4*o + 27. Determine u(-1).
23
Let f(q) = -4*q**2 - 156*q - 11. Calculate f(-39).
-11
Let z(w) = -w**3 + 7*w**2 + 21*w + 32. What is z(10)?
-58
Let r(o) = o**3 - 2*o**2 + o - 1. Calculate r(4).
35
Let g(r) = -r**3 + r - 9. Give g(0).
-9
Let r(l) = -4*l**2 - 35*l + 55. Calculate r(-10).
5
Let z(h) = -h**2 + h + 9. Give z(4).
-3
Let u(c) = -4*c**3 + 2*c - 1. Calculate u(1).
-3
Let a(u) = 16*u + 299. Give a(-18).
11
Let g(y) = -2*y**3 - 11*y**2 + 21*y - 4. What is g(-7)?
-4
Let l(t) = t**2 - 14*t + 26. What is l(12)?
2
Let b(y) = -204*y**2 - 2*y - 3. Calculate b(-1).
-205
Let r(u) = 14*u**2 - 2*u - 1. Give r(-1).
15
Let j(c) = -c**3 - 5*c**2 - 7*c + 3. Calculate j(-3).
6
Let h(m) = -21*m**3 + 2*m**2 + 6*m + 5. Determine h(-1).
22
Let c(t) = t**2 + 51*t - 45. Give c(-52).
7
Let v(i) = -i**3 - 12*i**2 + 24*i - 12. What is v(-14)?
44
Let h(l) = l**3 - 19*l**2 + 18*l - 2. Calculate h(18).
-2
Let j(u) = u**2 - 7*u - 8. What is j(7)?
-8
Let y(k) = k**3 - 18*k**2 + 56*k - 3. Calculate y(4).
-3
Let k(v) = -12*v**2 - 2*v + 3. Determine k(2).
-49
Let b(k) = -2*k**2 + 59*k - 93. Calculate b(28).
-9
Let z(g) = -g**3 - 5*g**2 + 7*g + 11. Calculate z(-7).
60
Let g(r) = 3*r**2 - 12*r + 14. What is g(4)?
14
Let y(s) = -3*s + 6. Determine y(6).
-12
Let r(f) = -f**3 - 9*f**2 - 6*f + 3. Give r(-8).
-13
Let r(k) = -2*k**2 + 15*k + 3. Calculate r(10).
-47
Let w(d) = -d**3 - 8*d**2 + 8*d - 15. Determine w(-7).
-120
Let w(m) = 2*m**2 - 90*m - 93. Determine w(46).
-1
Let c(j) = j + 5. Give c(-6).
-1
Let c(f) = -2*f**3 + 19*f**2 - 21*f - 7. What is c(8)?
17
Let q(p) = 6*p - 74. Give q(10).
-14
Let j(m) = 29*m - 206. Determine j(7).
-3
Let s(w) = w**2 - 2*w - 126. Calculate s(12).
-6
Let j(t) = -t**3 + 3*t**2 + 4*t + 12. Calculate j(0).
12
Let k(t) = -t**3 + 23*t**2 - 18*t - 28. Calculate k(22).
60
Let o(d) = 9*d - 1. Determine o(-1).
-10
Let l(k) = k**3 - 14*k**2 + 36*k - 16. What is l(11)?
17
Let l(q) = -5*q - 60. Determine l(-13).
5
Let t(y) = y**3 + 5*y**2 + 5*y + 4. Give t(-3).
7
Let b(d) = 43*d**2 + 1. Calculate b(-1).
44
Let y(n) = n**2 + 11*n + 9. Determine y(-11).
9
Let y(f) = f**3 - 7*f**2 - 1. Give y(7).
-1
Let x(p) = -5*p + 36. Give x(8).
-4
Let x(q) = -3*q + 18. Calculate x(9).
-9
Let k(i) = 4*i + 4. Give k(3).
16
Let w(n) = n**3 - 19*n**2 + 2*n. Calculate w(19).
38
Let v(w) = -30*w - 276. What is v(-9)?
-6
Let q(f) = -f**2 + 14*f + 3. Determine q(7).
52
Let o(u) = -u**2 + 3*u + 21. What is o(6)?
3
Let y(x) = -2*x + 12. Calculate y(2).
8
Let i(n) = -n**2 + 8*n. Give i(6).
12
Let r(d) = -18*d - 21. Determine r(-3).
33
Let p(d) = 2*d - 34. Calculate p(17).
0
Let k(s) = -7*s**2 + 5*s - 6. Calculate k(1).
-8
Let g(z) = z**2 - 22*z + 16. Give g(21).
-5
Let r(d) = d**3 + 26*d**2 + 89*d + 14. Give r(-22).
-8
Let x(y) = y**2 - 31*y - 583. Calculate x(-13).
-11
Let v(d) = -4*d + 51. Determine v(10).
11
Let b(l) = l**3 - 6*l**2 - 5*l - 4. Calculate b(5).
-54
Let c(n) = 14*n**2 + 7*n - 9. Give c(3).
138
Let v(q) = -q**3 - 40*q**2 + 10*q + 393. What is v(-40)?
-7
Let s(u) = 2*u. Calculate s(2).
4
Let c(m) = -m**3 - 3*m + 2. Determine c(2).
-12
Let n(b) = -7*b**2 - 3*b + 2. What is n(1)?
-8
Let y(p) = -p**3 - 16*p**2 - p - 20. Determine y(-16).
-4
Let i(p) = -p**3 + 3*p**2 + 6*p - 13. Calculate i(3).
5
Let q(i) = -12*i**2 + 4*i - 8. Calculate q(3).
-104
Let b(i) = i**3 + 5*i**2 - 5*i + 7. Calculate b(-6).
1
Let c(n) = n**3 + 10*n**2 - 9*n - 10. Calculate c(-11).
-32
Let v(s) = s**3 - s**2 - 2*s + 1. Calculate v(3).
13
Let r(d) = 2*d - 7. Calculate r(0).
-7
Let g(a) = 2*a - 7. Give g(-2).
-11
Let h(t) = -t**3 - 5*t**2 + 6*t + 22. Give h(-2).
-2
Let k(l) = -l**3 + 9*l**2 - 9. What is k(2)?
19
Let c(x) = 4*x - 35. Calculate c(5).
-15
Let z(v) = -12*v - 4. Determine z(3).
-40
Let q(s) = 15*s + 53. What is q(-5)?
-22
Let v(s) = -2*s**2 - 16*s - 4. Determine v(-7).
10
Let n(p) = 18*p**2 + 3*p - 4. Calculate n(-2).
62
Let z(t) = -10*t**3 - 2*t**2 - 4*t + 5. Calculate z(1).
-11
Let c(d) = -26*d**2 + 1. Determine c(1).
-25
Let j(q) = -2*q**3 - 14*q**2 + 6*q - 1. Determine j(-7).
-43
Let r(v) = -28*v - 7. What is r(0)?
-7
Let u(j) = j**2 + 6*j + 5. Calculate u(-6).
5
Let y(f) = -42*f + 3. Give y(4).
-165
Let p(h) = h**3 + 7*h**2 - 17*h + 15. Determine p(-9).
6
Let a(j) = 4*j**2 - 29*j + 13. Determine a(7).
6
Let c(w) = w**3 - w**2 - 4*w + 9. What is c(5)?
89
Let k(z) = 2*z**2 + 21*z - 12. What is k(-10)?
-22
Let j(h) = -41*h**2 - 2*h + 1. Give j(1).
-42
Let b(a) = -3*a - 10. Determine b(-7).
11
Let w(t) = 4*t**3 - 5*t - 5. Calculate w(-2).
-27
Let h(u) = u**2 + 2*u + 2. Calculate h(-3).
5
Let w(z) = -z - 4. Determine w(-7).
3
Let d(q) = -q**3 - 7*q**2 + q + 4. Calculate d(-7).
-3
Let t(p) = p**2 + 12*p - 11. What is t(-9)?
-38
Let p(z) = -z**3 - 5*z**2 - 4*z + 17. What is p(-